, 20341
List the prime factors of 6781702.
2, 43, 78857
What are the prime factors of 143864?
2, 7, 367
List the prime factors of 35782637.
11, 17, 179, 1069
What are the prime factors of 16819389?
3, 19, 41, 2399
List the prime factors of 989185.
5, 197837
List the prime factors of 1270083.
3, 23, 79, 233
List the prime factors of 1732388.
2, 7, 61871
What are the prime factors of 4353304?
2, 571, 953
What are the prime factors of 1762891?
13, 135607
What are the prime factors of 550379?
550379
What are the prime factors of 434598?
2, 3, 113, 641
What are the prime factors of 1997344?
2, 62417
What are the prime factors of 13983574?
2, 11, 635617
List the prime factors of 244427.
61, 4007
List the prime factors of 212553.
3, 11, 19, 113
List the prime factors of 151963.
7, 17, 1277
What are the prime factors of 3814876?
2, 13, 73363
List the prime factors of 56866.
2, 28433
List the prime factors of 1394588.
2, 13, 2063
List the prime factors of 6349994.
2, 7, 453571
What are the prime factors of 3819?
3, 19, 67
List the prime factors of 2367221.
2367221
What are the prime factors of 101456?
2, 17, 373
List the prime factors of 47409.
3, 15803
List the prime factors of 19324.
2, 4831
What are the prime factors of 1175701?
19, 61879
List the prime factors of 137248.
2, 4289
What are the prime factors of 92677?
13, 7129
List the prime factors of 698303.
23, 97, 313
List the prime factors of 100673.
100673
What are the prime factors of 395728?
2, 24733
What are the prime factors of 1901455?
5, 380291
List the prime factors of 2951340.
2, 3, 5, 7, 7027
List the prime factors of 15184400.
2, 5, 7, 11, 17, 29
What are the prime factors of 1252035?
3, 5, 27823
What are the prime factors of 7944497?
11, 65657
List the prime factors of 1432928.
2, 7, 6397
List the prime factors of 1568248.
2, 11, 71, 251
What are the prime factors of 3550132?
2, 887533
List the prime factors of 2152598.
2, 7, 153757
What are the prime factors of 2198?
2, 7, 157
What are the prime factors of 12384001?
7, 1129, 1567
What are the prime factors of 12183412?
2, 3045853
List the prime factors of 3182363.
317, 10039
What are the prime factors of 980041?
419, 2339
List the prime factors of 870982.
2, 7, 62213
What are the prime factors of 2623461?
3, 874487
What are the prime factors of 14299970?
2, 5, 19, 73, 1031
List the prime factors of 9725187.
3, 233, 13913
List the prime factors of 554912.
2, 17341
What are the prime factors of 753187?
753187
List the prime factors of 285142.
2, 11, 13, 997
What are the prime factors of 8027509?
7, 1146787
List the prime factors of 110110.
2, 5, 7, 11, 13
List the prime factors of 93618.
2, 3, 7, 743
What are the prime factors of 421044?
2, 3, 13, 2699
List the prime factors of 511061.
511061
List the prime factors of 3621679.
47, 251, 307
List the prime factors of 407850.
2, 3, 5, 2719
What are the prime factors of 391044?
2, 3, 32587
What are the prime factors of 915853?
197, 4649
What are the prime factors of 595666?
2, 297833
List the prime factors of 186852.
2, 3, 23, 677
What are the prime factors of 181809?
3, 20201
What are the prime factors of 1362472?
2, 73, 2333
List the prime factors of 45540.
2, 3, 5, 11, 23
What are the prime factors of 6158344?
2, 181, 4253
What are the prime factors of 100081?
41, 2441
What are the prime factors of 151932?
2, 3, 11, 1151
What are the prime factors of 2691488?
2, 241, 349
List the prime factors of 134190.
2, 3, 5, 7, 71
What are the prime factors of 1342947?
3, 23, 19463
What are the prime factors of 191211?
3, 63737
What are the prime factors of 6608871?
3, 27197
What are the prime factors of 8861803?
47, 409, 461
What are the prime factors of 375845?
5, 75169
List the prime factors of 15064.
2, 7, 269
What are the prime factors of 391260?
2, 3, 5, 6521
What are the prime factors of 835348?
2, 208837
What are the prime factors of 118114?
2, 73, 809
What are the prime factors of 726243?
3, 7, 34583
List the prime factors of 904417.
17, 53201
List the prime factors of 26786693.
73, 366941
List the prime factors of 1328131.
7, 189733
List the prime factors of 57685.
5, 83, 139
List the prime factors of 11956.
2, 7, 61
What are the prime factors of 327460?
2, 5, 7, 2339
List the prime factors of 2234149.
2234149
What are the prime factors of 1200608?
2, 17, 2207
What are the prime factors of 680993?
680993
List the prime factors of 16793092.
2, 1289, 3257
List the prime factors of 13677644.
2, 19, 179969
What are the prime factors of 118527?
3, 39509
What are the prime factors of 3222417?
3, 11, 97649
What are the prime factors of 159937?
159937
What are the prime factors of 4719233?
59, 79987
List the prime factors of 3359123.
419, 8017
List the prime factors of 1396388.
2, 7, 49871
List the prime factors of 6953752.
2, 13, 66863
What are the prime factors of 7653201?
3, 139, 18353
What are the prime factors of 2990105?
5, 31, 101, 191
What are the prime factors of 811653?
3, 270551
What are the prime factors of 5530507?
337, 16411
List the prime factors of 2284006.
2, 1142003
What are the prime factors of 6713068?
2, 1678267
List the prime factors of 222563.
11, 20233
What are the prime factors of 231803?
11, 13, 1621
What are the prime factors of 160113?
3, 19, 53
What are the prime factors of 46534?
2, 53, 439
List the prime factors of 2376544.
2, 23, 3229
List the prime factors of 1708321.
1708321
What are the prime factors of 74187?
3, 8243
List the prime factors of 1347528.
2, 3, 7, 13, 617
List the prime factors of 333407.
37, 9011
List the prime factors of 15000121.
271, 55351
What are the prime factors of 1977925?
5, 61, 1297
What are the prime factors of 4564716?
2, 3, 13, 29, 1009
What are the prime factors of 1331231?
11, 121021
List the prime factors of 5374570.
2, 5, 29, 43, 431
List the prime factors of 14610969.
3, 127, 4261
What are the prime factors of 125207?
125207
List the prime factors of 2834761.
521, 5441
What are the prime factors of 554650?
2, 5, 11093
List the prime factors of 8814983.
8814983
What are the prime factors of 12569765?
5, 13, 193381
What are the prime factors of 47412?
2, 3, 439
What are the prime factors of 4368049?
7, 624007
What are the prime factors of 1026633?
3, 342211
List the prime factors of 10087175.
5, 7, 57641
What are the prime factors of 2029836?
2, 3, 47, 59, 61
What are the prime factors of 162638?
2, 7, 11617
List the prime factors of 844749.
3, 10429
What are the prime factors of 114606?
2, 3, 6367
List the prime factors of 49477.
49477
What are the prime factors of 21599?
21599
What are the prime factors of 80691?
3, 13, 2069
List the prime factors of 2514919.
11, 97, 2357
List the prime factors of 161911.
161911
What are the prime factors of 1684646?
2, 842323
What are the prime factors of 1843066?
2, 29, 43, 739
List the prime factors of 389882.
2, 151, 1291
What are the prime factors of 9988169?
31, 43, 59, 127
List the prime factors of 31801267.
2857, 11131
What are the prime factors of 1111589?
239, 4651
List the prime factors of 271603.
271603
What are the prime factors of 5494431?
3, 1831477
What are the prime factors of 31219395?
3, 5, 17, 23, 5323
What are the prime factors of 6042124?
2, 11, 137321
What are the prime factors of 12293716?
2, 139, 22111
List the prime factors of 3702281.
11, 336571
List the prime factors of 6178791.
3, 571, 3607
What are the prime factors of 5685109?
599, 9491
List the prime factors of 1096532.
2, 31, 37, 239
List the prime factors of 269475.
3, 5, 3593
What are the prime factors of 983810?
2, 5, 131, 751
List the prime factors of 5056861.
5056861
What are the prime factors of 607586?
2, 7, 43399
What are the prime factors of 8152572?
2, 3, 679381
What are the prime factors of 440866?
2, 137, 1609
What are the prime factors of 195759?
3, 21751
List the prime factors of 4313750.
2, 5, 7, 17, 29
What are the prime factors of 205193?
449, 457
What are the prime factors of 570848?
2, 17839
List the prime factors of 589883.
7, 17, 4957
What are the prime factors of 9857700?
2, 3, 5, 1217
What are the prime factors of 215261?
215261
List the prime factors of 8658178.
2, 4329089
What are the prime factors of 211853?
23, 61, 151
What are the prime factors of 3214305?
3, 5, 71429
What are the 